{"id":12559,"date":"2018-03-30T10:23:12","date_gmt":"2018-03-30T13:23:12","guid":{"rendered":"http:\/\/www.saaebarra.ba.gov.br\/site\/?page_id=12559"},"modified":"2023-03-02T22:58:40","modified_gmt":"2023-03-03T01:58:40","slug":"institucional","status":"publish","type":"page","link":"https:\/\/www.saaebarra.ba.gov.br\/site\/institucional\/","title":{"rendered":"Institucional"},"content":{"rendered":"<h3 class=\"page-header\"><strong><span style=\"font-family: verdana, geneva, sans-serif; color: #3366ff;\">SAAE &#8211; Servi\u00e7o Aut\u00f4nomo de \u00c1gua e Esgoto de Barra-Ba<\/span><\/strong><\/h3>\n<p>&nbsp;<\/p>\n<p><a href=\"https:\/\/www.saaebarra.ba.gov.br\/site\/wp-content\/uploads\/2021\/03\/LogoFooter2021.png\"><img loading=\"lazy\" decoding=\"async\" class=\"wp-image-13303 size-full alignleft\" src=\"https:\/\/www.saaebarra.ba.gov.br\/site\/wp-content\/uploads\/2021\/03\/LogoFooter2021.png\" alt=\"\" width=\"218\" height=\"171\" srcset=\"https:\/\/www.saaebarra.ba.gov.br\/site\/wp-content\/uploads\/2021\/03\/LogoFooter2021-200x157.png 200w, https:\/\/www.saaebarra.ba.gov.br\/site\/wp-content\/uploads\/2021\/03\/LogoFooter2021.png 218w\" sizes=\"auto, (max-width: 218px) 100vw, 218px\" \/><\/a>O escrit\u00f3rio central do SAAE est\u00e1 localizado na Pra\u00e7a Professor Jo\u00e3o Oscar n\u00ba 1210, no Centro de Barra . Neste local, funcionam as se\u00e7\u00f5es administrativas, t\u00e9cnica, de contabilidade, pessoal, de arrecada\u00e7\u00e3o e almoxarifado, al\u00e9m de servir de base para os grupos de opera\u00e7\u00e3o e manuten\u00e7\u00e3o do sistema.<\/p>\n<p>O SAAE presta contas, mensalmente e de forma conclusiva no final de cada exerc\u00edcio, de suas atividades t\u00e9cnico-financeiras. Esta presta\u00e7\u00e3o de contas \u00e9 realizada sob forma de relat\u00f3rios padronizados, que s\u00e3o enviados \u00e0 Prefeitura Municipal e ao Tribunal de Contas dos Munic\u00edpios. Assim, o SAAE garante uma administra\u00e7\u00e3o correta e equilibrada.<\/p>\n<p>&nbsp;<\/p>\n<p>&nbsp;<\/p>\n<h3><span style=\"color: #3366ff;\">Diretor Executivo<\/span><\/h3>\n<h4>Alberto Pereira Barbosa<\/h4>\n<h3 class=\"page-header\"><span style=\"color: #3366ff;\">Conhe\u00e7a nossa Hist\u00f3ria<\/span><\/h3>\n<div class=\"row\">\n<div class=\"col-lg-12 mb-12\"><\/div>\n<\/div>\n<h3 class=\"page-header\"><span style=\"font-family: verdana, geneva, sans-serif; color: #3366ff;\"><br \/>\n&#8230;.<\/span><\/h3>\n","protected":false},"excerpt":{"rendered":"<p>SAAE &#8211; Servi\u00e7o Aut\u00f4nomo de \u00c1gua e Esgoto de Barra-Ba &nbsp; O escrit\u00f3rio central do SAAE est\u00e1 localizado na Pra\u00e7a Professor Jo\u00e3o Oscar n\u00ba 1210, no Centro de Barra . Neste local, funcionam as se\u00e7\u00f5es administrativas, t\u00e9cnica, de contabilidade, pessoal, de arrecada\u00e7\u00e3o e almoxarifado, al\u00e9m de servir de base para os grupos de opera\u00e7\u00e3o e [&hellip;]<\/p>\n","protected":false},"author":1,"featured_media":0,"parent":0,"menu_order":0,"comment_status":"closed","ping_status":"closed","template":"","meta":{"footnotes":""},"class_list":["post-12559","page","type-page","status-publish","hentry"],"_links":{"self":[{"href":"https:\/\/www.saaebarra.ba.gov.br\/site\/wp-json\/wp\/v2\/pages\/12559","targetHints":{"allow":["GET"]}}],"collection":[{"href":"https:\/\/www.saaebarra.ba.gov.br\/site\/wp-json\/wp\/v2\/pages"}],"about":[{"href":"https:\/\/www.saaebarra.ba.gov.br\/site\/wp-json\/wp\/v2\/types\/page"}],"author":[{"embeddable":true,"href":"https:\/\/www.saaebarra.ba.gov.br\/site\/wp-json\/wp\/v2\/users\/1"}],"replies":[{"embeddable":true,"href":"https:\/\/www.saaebarra.ba.gov.br\/site\/wp-json\/wp\/v2\/comments?post=12559"}],"version-history":[{"count":12,"href":"https:\/\/www.saaebarra.ba.gov.br\/site\/wp-json\/wp\/v2\/pages\/12559\/revisions"}],"predecessor-version":[{"id":13405,"href":"https:\/\/www.saaebarra.ba.gov.br\/site\/wp-json\/wp\/v2\/pages\/12559\/revisions\/13405"}],"wp:attachment":[{"href":"https:\/\/www.saaebarra.ba.gov.br\/site\/wp-json\/wp\/v2\/media?parent=12559"}],"curies":[{"name":"wp","href":"https:\/\/api.w.org\/{rel}","templated":true}]}}