{"id":12201,"date":"2017-10-23T02:40:04","date_gmt":"2017-10-23T04:40:04","guid":{"rendered":"http:\/\/www.saaebarra.ba.gov.br\/site\/?page_id=12201"},"modified":"2018-04-01T00:46:11","modified_gmt":"2018-04-01T03:46:11","slug":"solicitacao-de-servicos","status":"publish","type":"page","link":"https:\/\/www.saaebarra.ba.gov.br\/site\/solicitacao-de-servicos\/","title":{"rendered":"Solicita\u00e7\u00e3o de Servi\u00e7os"},"content":{"rendered":"<div class=\"fusion-fullwidth fullwidth-box nonhundred-percent-fullwidth non-hundred-percent-height-scrolling\"  style='background-color: rgba(255,255,255,0);background-position: center center;background-repeat: no-repeat;padding-top:20px;padding-right:0px;padding-bottom:20px;padding-left:0px;'><div class=\"fusion-builder-row fusion-row \"><div  class=\"fusion-layout-column fusion_builder_column fusion_builder_column_1_1  fusion-one-full fusion-column-first fusion-column-last 1_1\"  style='margin-top:0px;margin-bottom:20px;'>\n\t\t\t\t\t<div class=\"fusion-column-wrapper\" style=\"padding: 0px 0px 0px 0px;background-position:left top;background-repeat:no-repeat;-webkit-background-size:cover;-moz-background-size:cover;-o-background-size:cover;background-size:cover;\"  data-bg-url=\"\">\n\t\t\t\t\t\t<div class=\"fusion-title title fusion-sep-none fusion-title-center fusion-title-size-two\" style=\"margin-top:0px;margin-bottom:0px;\"><h2 class=\"title-heading-center\"><span style=\"font-family: verdana, geneva, sans-serif; color: #106cc9;\">Solicita\u00e7\u00e3o de Servi\u00e7os<\/span><\/h2><\/div><div class=\"fusion-sep-clear\"><\/div><div class=\"fusion-separator fusion-full-width-sep sep-shadow\" style=\"background:radial-gradient(ellipse at 50% -50% , #e0dede 0px, rgba(255, 255, 255, 0) 80%) repeat scroll 0 0 rgba(0, 0, 0, 0);background:-webkit-radial-gradient(ellipse at 50% -50% , #e0dede 0px, rgba(255, 255, 255, 0) 80%) repeat scroll 0 0 rgba(0, 0, 0, 0);background:-moz-radial-gradient(ellipse at 50% -50% , #e0dede 0px, rgba(255, 255, 255, 0) 80%) repeat scroll 0 0 rgba(0, 0, 0, 0);background:-o-radial-gradient(ellipse at 50% -50% , #e0dede 0px, rgba(255, 255, 255, 0) 80%) repeat scroll 0 0 rgba(0, 0, 0, 0);margin-left: auto;margin-right: auto;margin-top:20px;margin-bottom:20px;\"><\/div><div class=\"fusion-clearfix\"><\/div>\n\n\t\t\t\t\t<\/div>\n\t\t\t\t<\/div><div  class=\"fusion-layout-column fusion_builder_column fusion_builder_column_2_3  fusion-two-third fusion-column-first 2_3\"  style='margin-top:0px;margin-bottom:20px;width:66.66%;width:calc(66.66% - ( ( 4% ) * 0.6666 ) );margin-right: 4%;'>\n\t\t\t\t\t<div class=\"fusion-column-wrapper\" style=\"padding: 0px 0px 0px 0px;background-position:left top;background-repeat:no-repeat;-webkit-background-size:cover;-moz-background-size:cover;-o-background-size:cover;background-size:cover;\"  data-bg-url=\"\">\n\t\t\t\t\t\t<span class=\"fusion-imageframe imageframe-none imageframe-1 hover-type-zoomin\"><a href=\"http:\/\/www.saaebarra.ba.gov.br\/site\/wp-content\/uploads\/2017\/10\/OSAAE-1024x680.png\" class=\"fusion-lightbox\" data-rel=\"iLightbox[bca32cd13fbb00372c1]\"><img decoding=\"async\" src=\"http:\/\/www.saaebarra.ba.gov.br\/site\/wp-content\/uploads\/2017\/10\/OSAAE-1024x680.png\" width=\"\" height=\"\" alt=\"\" class=\"img-responsive\"\/><\/a><\/span><div class=\"fusion-sep-clear\"><\/div><div class=\"fusion-separator sep-single sep-solid\" style=\"border-color:rgba(224,222,222,0);border-top-width:1px;margin-left: auto;margin-right: auto;margin-top:;width:100%;max-width:20%;\"><\/div><div class=\"fusion-text\"><p><strong>OBSERVA\u00c7\u00d5ES:<\/strong><\/p>\n<p><strong><span style=\"font-family: verdana, geneva, sans-serif;\">Liga\u00e7\u00e3o de \u00e1gua:\u00a0<\/span><\/strong><span style=\"font-family: verdana, geneva, sans-serif;\">Documento do im\u00f3vel e documentos pessoais RG e CPF<\/span><\/p>\n<p><span style=\"font-family: verdana, geneva, sans-serif;\"><strong>Desligamento:<\/strong> (Corte a pedido) Tal\u00e3o de \u00e1gua e documentos pessoais RG e CPF, se o im\u00f3vel estiver locado, o <strong>Desligamento<\/strong> n\u00e3o poder\u00e1 ser executado.<\/span><\/p>\n<p><span style=\"font-family: verdana, geneva, sans-serif;\"><strong>Religa\u00e7\u00e3o:<\/strong>\u00a0Tal\u00e3o de \u00e1gua e documentos pessoais RG e CPF.<\/span><\/p>\n<p><span style=\"font-family: verdana, geneva, sans-serif;\"><strong>Negocia\u00e7\u00f5es:<\/strong>\u00a0Tal\u00e3o da \u00e1gua e documentos pessoais RG e CPF, somente o propriet\u00e1rio do imovel.<\/span><\/p>\n<p><span style=\"font-family: verdana, geneva, sans-serif;\"><strong>Troca de caixa de hidr\u00f4metro vertical completa:<\/strong>\u00a0Tal\u00e3o da \u00e1gua e documentos pessoais RG e CPF.<\/span><\/p>\n<p><span style=\"font-family: verdana, geneva, sans-serif;\"><strong>Troca de Registro:<\/strong>\u00a0Tal\u00e3o da \u00e1gua e documentos pessoais RG e CPF.<\/span><\/p>\n<\/div><div class=\"fusion-clearfix\"><\/div>\n\n\t\t\t\t\t<\/div>\n\t\t\t\t<\/div><div  class=\"fusion-layout-column fusion_builder_column fusion_builder_column_1_3  fusion-one-third fusion-column-last 1_3\"  style='margin-top:0px;margin-bottom:20px;width:33.33%;width:calc(33.33% - ( ( 4% ) * 0.3333 ) );'>\n\t\t\t\t\t<div class=\"fusion-column-wrapper\" style=\"padding: 0px 0px 0px 0px;background-position:left top;background-repeat:no-repeat;-webkit-background-size:cover;-moz-background-size:cover;-o-background-size:cover;background-size:cover;\"  data-bg-url=\"\">\n\t\t\t\t\t\t<div class=\"caldera-grid\" id=\"caldera_form_1\" data-cf-ver=\"1.9.4\" data-cf-form-id=\"CF59d3de78ca128\"><div id=\"caldera_notices_1\" data-spinner=\"https:\/\/www.saaebarra.ba.gov.br\/site\/wp-admin\/images\/spinner.gif\"><\/div><form data-instance=\"1\" class=\"CF59d3de78ca128 caldera_forms_form cfajax-trigger\" method=\"POST\" enctype=\"multipart\/form-data\" id=\"CF59d3de78ca128_1\" data-form-id=\"CF59d3de78ca128\" aria-label=\"servicos\" data-target=\"#caldera_notices_1\" data-template=\"#cfajax_CF59d3de78ca128-tmpl\" data-cfajax=\"CF59d3de78ca128\" data-load-element=\"_parent\" data-load-class=\"cf_processing\" data-post-disable=\"0\" data-action=\"cf_process_ajax_submit\" data-request=\"https:\/\/www.saaebarra.ba.gov.br\/site\/cf-api\/CF59d3de78ca128\" data-hiderows=\"true\">\r\n<input type=\"hidden\" id=\"_cf_verify_CF59d3de78ca128\" name=\"_cf_verify\" value=\"1df50383eb\"  data-nonce-time=\"1776378450\" \/><input type=\"hidden\" name=\"_wp_http_referer\" value=\"\/site\/wp-json\/wp\/v2\/pages\/12201\" \/><div id=\"cf2-CF59d3de78ca128_1\"><\/div><input type=\"hidden\" name=\"_cf_frm_id\" value=\"CF59d3de78ca128\">\r\n<input type=\"hidden\" name=\"_cf_frm_ct\" value=\"1\">\r\n<input type=\"hidden\" name=\"cfajax\" value=\"CF59d3de78ca128\">\r\n<input type=\"hidden\" name=\"_cf_cr_pst\" value=\"12201\">\r\n<div class=\"hide\" style=\"display:none; overflow:hidden;height:0;width:0;\">\r\n<label>E-mail<\/label><input type=\"text\" name=\"email\" value=\"\" autocomplete=\"off\">\r\n<\/div><div id=\"CF59d3de78ca128_1-row-1\"  class=\"row  single\"><div  class=\"col-sm-12  single\"><div data-field-wrapper=\"fld_826479\" class=\"form-group\" id=\"fld_826479_1-wrap\">\r\n\t<label id=\"fld_826479Label\" for=\"fld_826479_1\" class=\"control-label\">Selecione o Servi\u00e7o <span aria-hidden=\"true\" role=\"presentation\" class=\"field_required\" style=\"color:#ee0000;\">*<\/span><\/label>\r\n\t<div class=\"\">\r\n\t\t<select name=\"fld_826479\" value=\"\" data-field=\"fld_826479\" class=\"form-control\" id=\"fld_826479_1\"  required=\"required\"  aria-labelledby=\"fld_826479Label\" >\n\t\t<option value=\"\"><\/option>\r\n\t\t\t\t\t<option value=\"LIGA\u00c7\u00c3O DE \u00c1GUA \"  data-calc-value=\"LIGA\u00c7\u00c3O DE \u00c1GUA \" >\n\t\t\t\t\t\tLIGA\u00c7\u00c3O DE \u00c1GUA \t\t\t\t\t<\/option>\n\t\t\t\t\t\t\t\t\t\t<option value=\"DESLIGAMENTO\"  data-calc-value=\"DESLIGAMENTO\" >\n\t\t\t\t\t\tDESLIGAMENTO\t\t\t\t\t<\/option>\n\t\t\t\t\t\t\t\t\t\t<option value=\"RELIGA\u00c7\u00c3O\"  data-calc-value=\"RELIGA\u00c7\u00c3O\" >\n\t\t\t\t\t\tRELIGA\u00c7\u00c3O\t\t\t\t\t<\/option>\n\t\t\t\t\t\t\t\t\t\t<option value=\"2\u00aa VIA\"  data-calc-value=\"2\u00aa VIA\" >\n\t\t\t\t\t\t2\u00aa VIA\t\t\t\t\t<\/option>\n\t\t\t\t\t\t\t\t\t\t<option value=\"NEGOCIA\u00c7\u00d5ES\"  data-calc-value=\"NEGOCIA\u00c7\u00d5ES\" >\n\t\t\t\t\t\tNEGOCIA\u00c7\u00d5ES\t\t\t\t\t<\/option>\n\t\t\t\t\t\t\t\t\t\t<option value=\"EXTRATO DE DEBITOS\"  data-calc-value=\"EXTRATO DE DEBITOS\" >\n\t\t\t\t\t\tEXTRATO DE DEBITOS\t\t\t\t\t<\/option>\n\t\t\t\t\t\t\t\t\t\t<option value=\"CERTID\u00c3O NEGATIVA\"  data-calc-value=\"CERTID\u00c3O NEGATIVA\" >\n\t\t\t\t\t\tCERTID\u00c3O NEGATIVA\t\t\t\t\t<\/option>\n\t\t\t\t\t\t\t\t\t\t<option value=\"TROCA DE CX. HID. COMPLETA\"  data-calc-value=\"TROCA DE CX. HID. COMPLETA\" >\n\t\t\t\t\t\tTROCA DE CX. HID. COMPLETA\t\t\t\t\t<\/option>\n\t\t\t\t\t\t\t\t\t\t<option value=\"TROCA DE REGISTRO\"  data-calc-value=\"TROCA DE REGISTRO\" >\n\t\t\t\t\t\tTROCA DE REGISTRO\t\t\t\t\t<\/option>\n\t\t\t\t\t\t\t<\/select>\n\t\t\t<\/div>\r\n<\/div>\r\n<div data-field-wrapper=\"fld_7324232\" class=\"form-group\" id=\"fld_7324232_1-wrap\">\r\n\t<label id=\"fld_7324232Label\" for=\"fld_7324232_1\" class=\"control-label\">Local do Servi\u00e7o <span aria-hidden=\"true\" role=\"presentation\" class=\"field_required\" style=\"color:#ee0000;\">*<\/span><\/label>\r\n\t<div class=\"\">\r\n\t\t<select name=\"fld_7324232\" value=\"\" data-field=\"fld_7324232\" class=\"form-control\" id=\"fld_7324232_1\"  required=\"required\"  aria-labelledby=\"fld_7324232Label\" >\n\t\t<option value=\"\"><\/option>\r\n\t\t\t\t\t<option value=\"SEDE\"  data-calc-value=\"SEDE\" >\n\t\t\t\t\t\tSEDE\t\t\t\t\t<\/option>\n\t\t\t\t\t\t\t\t\t\t<option value=\"ZONA RURAL\"  data-calc-value=\"ZONA RURAL\" >\n\t\t\t\t\t\tZONA RURAL\t\t\t\t\t<\/option>\n\t\t\t\t\t\t\t<\/select>\n\t\t\t<\/div>\r\n<\/div>\r\n<div data-field-wrapper=\"fld_7277156\" class=\"form-group\" id=\"fld_7277156_1-wrap\">\r\n\t<label id=\"fld_7277156Label\" for=\"fld_7277156_1\" class=\"control-label\">Nome Completo <span aria-hidden=\"true\" role=\"presentation\" class=\"field_required\" style=\"color:#ee0000;\">*<\/span><\/label>\r\n\t<div class=\"\">\r\n\t\t<input   required type=\"text\" data-field=\"fld_7277156\" class=\" form-control\" id=\"fld_7277156_1\" name=\"fld_7277156\" value=\"\" data-type=\"text\" aria-required=\"true\"   aria-labelledby=\"fld_7277156Label\" >\t\t\t<\/div>\r\n<\/div>\r\n<div data-field-wrapper=\"fld_1261849\" class=\"form-group\" id=\"fld_1261849_1-wrap\">\r\n\t<label id=\"fld_1261849Label\" for=\"fld_1261849_1\" class=\"control-label\">Email <span aria-hidden=\"true\" role=\"presentation\" class=\"field_required\" style=\"color:#ee0000;\">*<\/span><\/label>\r\n\t<div class=\"\">\r\n\t\t<input   required type=\"email\" data-field=\"fld_1261849\" class=\" form-control\" id=\"fld_1261849_1\" name=\"fld_1261849\" value=\"\" data-type=\"email\" aria-required=\"true\"   aria-labelledby=\"fld_1261849Label\" >\t\t\t<\/div>\r\n<\/div>\r\n<div data-field-wrapper=\"fld_7891661\" class=\"form-group\" id=\"fld_7891661_1-wrap\">\r\n\t<label id=\"fld_7891661Label\" for=\"fld_7891661_1\" class=\"control-label\">Identidade <span aria-hidden=\"true\" role=\"presentation\" class=\"field_required\" style=\"color:#ee0000;\">*<\/span><\/label>\r\n\t<div class=\"\">\r\n\t\t<input   required type=\"text\" data-field=\"fld_7891661\" class=\" form-control\" id=\"fld_7891661_1\" name=\"fld_7891661\" value=\"\" data-type=\"text\" aria-required=\"true\"   aria-labelledby=\"fld_7891661Label\" >\t\t\t<\/div>\r\n<\/div>\r\n<div data-field-wrapper=\"fld_3701531\" class=\"form-group\" id=\"fld_3701531_1-wrap\">\r\n\t<label id=\"fld_3701531Label\" for=\"fld_3701531_1\" class=\"control-label\">CPF <span aria-hidden=\"true\" role=\"presentation\" class=\"field_required\" style=\"color:#ee0000;\">*<\/span><\/label>\r\n\t<div class=\"\">\r\n\t\t<input   required type=\"text\" data-field=\"fld_3701531\" class=\" form-control\" id=\"fld_3701531_1\" name=\"fld_3701531\" value=\"\" data-type=\"text\" aria-required=\"true\"   aria-labelledby=\"fld_3701531Label\" >\t\t\t<\/div>\r\n<\/div>\r\n<div data-field-wrapper=\"fld_2235623\" class=\"form-group\" id=\"fld_2235623_1-wrap\">\r\n\t<label id=\"fld_2235623Label\" for=\"fld_2235623_1\" class=\"control-label\">Telefone ou Celular <span aria-hidden=\"true\" role=\"presentation\" class=\"field_required\" style=\"color:#ee0000;\">*<\/span><\/label>\r\n\t<div class=\"\">\r\n\t\t<input  data-inputmask=\"'mask': '(99)99999-9999'\"  required type=\"phone\" data-field=\"fld_2235623\" class=\" form-control\" id=\"fld_2235623_1\" name=\"fld_2235623\" value=\"\" data-type=\"phone\" aria-required=\"true\"   aria-labelledby=\"fld_2235623Label\" >\t\t\t<\/div>\r\n<\/div>\r\n<div data-field-wrapper=\"fld_1529551\" class=\"form-group\" id=\"fld_1529551_1-wrap\">\r\n\t<label id=\"fld_1529551Label\" for=\"fld_1529551_1\" class=\"control-label\">Descri\u00e7\u00e3o detalhada do servi\u00e7o<\/label>\r\n\t<div class=\"\">\r\n\t\t<textarea name=\"fld_1529551\" value=\"\" data-field=\"fld_1529551\" class=\"form-control\" id=\"fld_1529551_1\" rows=\"4\"    aria-labelledby=\"fld_1529551Label\" ><\/textarea>\n\t\t\t<\/div>\r\n<\/div>\r\n<div data-field-wrapper=\"fld_1353546\" class=\"form-group\" id=\"fld_1353546_1-wrap\">\r\n<div class=\"\">\r\n\t<input  class=\"btn btn-default\" type=\"submit\" name=\"fld_1353546\" id=\"fld_1353546_1\" value=\"Enviar\" data-field=\"fld_1353546\"  >\n<\/div>\r\n<\/div>\r\n\t<input class=\"button_trigger_1\" type=\"hidden\" name=\"fld_1353546\" id=\"fld_1353546_1_btn\" value=\"\" data-field=\"fld_1353546\"  \/>\n<\/div><\/div><\/form>\r\n<\/div>\r\n<div class=\"fusion-clearfix\"><\/div>\n\n\t\t\t\t\t<\/div>\n\t\t\t\t<\/div><\/div><\/div>\n","protected":false},"excerpt":{"rendered":"","protected":false},"author":1,"featured_media":0,"parent":0,"menu_order":0,"comment_status":"closed","ping_status":"closed","template":"","meta":{"footnotes":""},"class_list":["post-12201","page","type-page","status-publish","hentry"],"_links":{"self":[{"href":"https:\/\/www.saaebarra.ba.gov.br\/site\/wp-json\/wp\/v2\/pages\/12201","targetHints":{"allow":["GET"]}}],"collection":[{"href":"https:\/\/www.saaebarra.ba.gov.br\/site\/wp-json\/wp\/v2\/pages"}],"about":[{"href":"https:\/\/www.saaebarra.ba.gov.br\/site\/wp-json\/wp\/v2\/types\/page"}],"author":[{"embeddable":true,"href":"https:\/\/www.saaebarra.ba.gov.br\/site\/wp-json\/wp\/v2\/users\/1"}],"replies":[{"embeddable":true,"href":"https:\/\/www.saaebarra.ba.gov.br\/site\/wp-json\/wp\/v2\/comments?post=12201"}],"version-history":[{"count":7,"href":"https:\/\/www.saaebarra.ba.gov.br\/site\/wp-json\/wp\/v2\/pages\/12201\/revisions"}],"predecessor-version":[{"id":12786,"href":"https:\/\/www.saaebarra.ba.gov.br\/site\/wp-json\/wp\/v2\/pages\/12201\/revisions\/12786"}],"wp:attachment":[{"href":"https:\/\/www.saaebarra.ba.gov.br\/site\/wp-json\/wp\/v2\/media?parent=12201"}],"curies":[{"name":"wp","href":"https:\/\/api.w.org\/{rel}","templated":true}]}}